 Let z = -76 - d. List the prime factors of z.
3, 17
Let m(u) = -4*u**3 + 2*u**2 + 7*u + 3. Let l be m(-3). Suppose -f = -2*f + l. List the prime factors of 2/(8/f) + -3.
2, 3
Let p(n) be the third derivative of n**4/12 + 9*n**3/2 + 13*n**2. List the prime factors of p(11).
7
Let s = 66 - 36. Let h = s + -14. List the prime factors of h.
2
Let v be (6/4*2)/1. Suppose 2*b - 7 = -v. Suppose b*q - 52 = -8. List the prime factors of q.
2, 11
Let p = 1392 - 1088. What are the prime factors of p?
2, 19
List the prime factors of (-163*28 - -2)*(-6)/12.
2281
Suppose -20880 = 143*w - 155*w. What are the prime factors of w?
2, 3, 5, 29
Let h = 16 + -8. List the prime factors of (18 + 2)/(-7 + h).
2, 5
Let p = 3 + -4. Let g(n) = n**2 + 1. Let b(a) = -7*a**2 + a - 9. Let o(j) = p*b(j) - 6*g(j). List the prime factors of o(0).
3
Let j(u) = -11*u - 37 + 62*u - 22*u - u**2. What are the prime factors of j(25)?
3, 7
Let g(m) = 15*m**2 - 3*m - 1. Suppose -4*v + 3 = 4*y - 1, 0 = -y - 3*v + 1. Let c(u) = -2*u + 1. Let w be c(y). List the prime factors of g(w).
17
Suppose 2*y + 30 = 4*s, s - 2*s + 4*y - 3 = 0. Suppose s = b + 2*b. Suppose -b*r + 54 = -a, 0*r - a - 88 = -5*r. What are the prime factors of r?
17
Suppose -32*a = 39*a - 39050. What are the prime factors of a?
2, 5, 11
Let a(y) = y**2 + 6*y + 2. Let x be a(-6). Suppose b = -x*b + 66. What are the prime factors of b?
2, 11
Suppose -2*x - 3*x + 13 = -v, 4*v - x = 5. Suppose 159 = 3*f + t + v*t, -155 = -3*f - 2*t. What are the prime factors of f?
7
Let f(a) = a**2 + 10*a + 9. Let k(w) = w**2 + 9*w + 8. Let l(m) = -4*f(m) + 5*k(m). List the prime factors of l(-9).
2, 5
Suppose -79*s = -159245 - 14002. List the prime factors of s.
3, 17, 43
Let d(h) = -h**3 + h**2 - h + 1. Let a be d(1). Suppose -5*f = 0, -4*g + 128 = -f - a*f. What are the prime factors of g?
2
Let b = -420 - -594. List the prime factors of b.
2, 3, 29
Suppose 0*d = -2*d + 32. Suppose -i = -5*i + d. Suppose 36 = i*m - 32. What are the prime factors of m?
17
Let v(t) = -4*t - 6 - 4*t + 0. Suppose 0 = -2*l + 2*p - 16, 4*l - p - 6 = -26. List the prime factors of v(l).
2, 13
Let n(y) = -7*y - 44. Let x be n(-6). What are the prime factors of -12*x*12/(-16)*-10?
2, 3, 5
Suppose -3*i = v + 349, 2*i - 1383 = 4*v + i. Let h = -107 - v. Suppose -3*c = -h + 89. What are the prime factors of c?
2, 5
Let o be (-6)/39 + (-824)/52. Let r = 14 + o. List the prime factors of -2 + 2 - (-35 - r).
3, 11
Let y(n) = -11*n**3 + 16*n**2 - n - 18. Let u(p) = 5*p**3 - 8*p**2 + 9. Let j(r) = -9*u(r) - 4*y(r). List the prime factors of j(5).
2, 43
Let g(i) be the third derivative of i**5/60 - i**4/24 + i**3/6 - 5*i**2. List the prime factors of g(-11).
7, 19
Suppose o - 2*o = 2*v - 123, -2*o = 3*v - 184. Suppose 22 + v = 2*b. List the prime factors of b.
2, 3, 7
Suppose 0 = -4*o - 2*o + 5418. List the prime factors of o.
3, 7, 43
Let o(i) = i**2 + 10*i - 24. List the prime factors of o(-16).
2, 3
Let b = -35 - -30. What are the prime factors of 1 - -118 - (b + 5)/5?
7, 17
Suppose 0 = 3*o + d - 7252, -12*d = o - 17*d - 2428. What are the prime factors of o?
2, 3, 13, 31
Let d = -259 - -1188. What are the prime factors of d?
929
Let p(d) = -d + 15. Let h be p(5). Suppose -3*j + h = 2*u, 3*u = -2*u + 3*j + 25. Suppose 92 = u*r - r. What are the prime factors of r?
23
Suppose 4*m - 2*m - 19 = -5*p, 10 = 4*p - m. Suppose -3*b - p + 21 = 0. Suppose b*z = 11*z - 180. List the prime factors of z.
2, 3
Let j(s) = 49*s**2 + 109*s + 818. List the prime factors of j(-7).
2, 307
Let l(u) = u**3 - u**2 - u + 5. Let b be l(0). Suppose -q - 3 = -4*p - 28, b*p + 35 = 2*q. Suppose 8*t - 6 = q*t. What are the prime factors of t?
2
Let o(f) = -3*f - 3. Let r be o(0). List the prime factors of r/((-1)/(31/3)).
31
Suppose 1544 = 46*b - 44*b. List the prime factors of b.
2, 193
Let j be 59 - ((-100)/5)/5. Let y = 6 + j. What are the prime factors of y?
3, 23
Let r = 695 - 192. List the prime factors of r.
503
Let c(p) = -3*p**3 + 2*p + 2. Let j be c(-2). Let x = 26 - j. Suppose v - 185 = -x*v. List the prime factors of v.
37
Let v(o) = 5*o + 65 + 40*o**3 + 13*o**2 - 21 + 42*o**3 - 83*o**3. What are the prime factors of v(12)?
2, 31
Let v = 299 - 205. Let y = v - 65. List the prime factors of y.
29
Let n(i) = 12*i + 8*i + 17*i - 38*i. Let o = -1 + -4. List the prime factors of n(o).
5
Let n(a) = 4*a**2 + 31*a + 7. List the prime factors of n(-9).
2, 13
Let p(m) = 4*m**3 - 8*m**2 - 2*m + 9. List the prime factors of p(6).
3, 191
Suppose -2468 = -6*v + 1882. What are the prime factors of v?
5, 29
Let c(r) = -r**3 + r**2 + 2*r - 2. Let k be c(-4). Suppose 0 = -5*u + 335 - k. List the prime factors of u.
53
Suppose -4*u = -0*m + 2*m + 454, -2*u = 3*m + 221. Let n = 192 + u. List the prime factors of n.
7, 11
Let d(f) = -26*f - 13. Let c be d(-10). Suppose 0 = -2*m - m + 5*s + c, 0 = 3*m - 3*s - 249. What are the prime factors of m?
2, 3, 7
Let k be ((-12)/1)/(-6*(-6)/(-54)). Let n(h) = 5*h + 48. What are the prime factors of n(k)?
2, 3, 23
Suppose -4*k - 2*m + 0*m + 28 = 0, -6 = -2*k + m. Suppose -5*s = -4*d - k, s - 2*d + 0*d - 1 = 0. Suppose -r + 1 = -s. List the prime factors of r.
2
Let z = 1553 - 601. What are the prime factors of z?
2, 7, 17
Let v(h) = -10*h - 4. Let k(l) = 9*l + 4. Let o(u) = 3*k(u) + 2*v(u). Let w = -68 + 71. What are the prime factors of o(w)?
5
Let n(z) = 5*z + 19. Let y = 74 - 44. Suppose 2*s - 8*b - y = -3*b, -s = b - 8. List the prime factors of n(s).
3, 23
Let l be (0/(-1))/1 + 2. Suppose -2*i + 5*v + 0 + 31 = 0, -i - 3*v = 12. Suppose i*d + y = 5*y + 30, -l*d + 5*y = -20. What are the prime factors of d?
2, 5
Let k(q) = q**2 - 5*q - 2. Let s be k(6). Suppose 3*j - 232 = 3*t - 22, s*j + t - 280 = 0. What are the prime factors of j?
2, 5, 7
List the prime factors of (-87)/6*-96 - 3.
3, 463
Let z(s) = -s**3 - 7*s**2 + 3*s + 7. Suppose 4*l = -4*w - 0*l - 28, 3*l - 19 = 2*w. List the prime factors of z(w).
47
Suppose 3*m = 8*m - 1125. Suppose -10*s + 965 = -m. What are the prime factors of s?
7, 17
Let i be 6 + 2*(-3)/3. Suppose 0 = 3*u - i*m - 191, -4*u - 2*m + 242 = -m. What are the prime factors of u?
61
Suppose 5*m + 1 = -z + 2, -m = 5*z + 91. Let y = z - -24. List the prime factors of y.
5
Let q = 0 + 1. Let x(t) = -t**3 + 2*t**2 - 2*t + 1. Let j be x(q). List the prime factors of 57/6*(j + 2).
19
List the prime factors of ((-4)/(-9))/((-51)/(-528309)).
2, 1151
Let w(q) = -3 + 29*q + 6*q**2 + 0 - 31*q. List the prime factors of w(-3).
3, 19
Let f = 88 + -109. What are the prime factors of ((-7)/f)/((-3)/(-1269))?
3, 47
Suppose 2*v + 2*v = -68. Let p = v + 12. Let w(g) = g**2 + 3*g - 6. What are the prime factors of w(p)?
2
Suppose -5*j + 1205 = -12*d + 10*d, 0 = 5*j + d - 1205. What are the prime factors of j?
241
Let p be 118 + 5 - (3 + 0). Suppose 4*b - p = -12. List the prime factors of b.
3
Let x be (-369)/(-117) + 2/(-13). Suppose -3*c + x = -0*c. Suppose c = -5*t + 96. What are the prime factors of t?
19
Let q be 116/14 + 4/(-14). Let x be 2/8 - 106/q. List the prime factors of (-2)/(-5) + x/(-5).
3
Suppose -b = 12*b - 29757. What are the prime factors of b?
3, 7, 109
Suppose -5*b = z - 972, -3*b = 15 - 0. What are the prime factors of z?
997
Let z(u) = 5*u - 12. Let r(c) = -11*c + 25. Let a(q) = 2*r(q) + 5*z(q). Let f be a(4). What are the prime factors of (0 + f)/(4/38)?
19
Let r(n) = n**2 - 7*n + 5. Suppose 6 = -6*j - 36. What are the prime factors of r(j)?
103
Suppose -4*t = 3*v - 36, 3*t + 1 - 3 = 4*v. Suppose 4*g = -t*g + 400. List the prime factors of g.
2, 5
Let p(a) = 305*a - 893. List the prime factors of p(14).
11, 307
Let n be (-2)/8 - 89/(-4). Suppose 3*s = -4*a + 17, 4*s + 0*s - n = -5*a. List the prime factors of s.
3
Suppose -6 = -4*t + 2, 0 = 3*x - t + 89. Suppose 145 = -3*p + 4*l, 3*p - 3*l + 2*l = -133. Let g = x - p. List the prime factors of g.
2, 7
Let x be (-72)/(-60)*(-10)/(-6). List the prime factors of 0/x + (-676)/(-13).
2, 13
Let y(s) = 74*s - 3. Let c be y(2). Let m = -62 + c. Let t = m + -44. List the prime factors of t.
3, 13
Let g be -6*4/6 - -6. List the prime factors of 14*82/20 - g/5.
3, 19
Let u(g) = -g - 10. Let t(a) = a + 9. Let l(o) = 3*t(o) + 2*u(o). Let x be l(-8). List the prime factors of x - 1 - 168/(-6).
